atest common factor of 125 and 593825.
25
What is the highest common factor of 72598456 and 1974?
658
Calculate the highest common factor of 9163341 and 594.
297
What is the greatest common divisor of 40 and 17860540?
20
What is the greatest common factor of 1872 and 245428976?
208
Calculate the highest common divisor of 1851168 and 71873.
1753
What is the highest common divisor of 1115490294 and 621?
207
What is the highest common divisor of 19 and 159353?
19
Calculate the highest common factor of 11495 and 1315655.
1045
Calculate the greatest common factor of 292 and 1064660.
4
Calculate the greatest common factor of 1470 and 116340.
210
What is the greatest common factor of 21875 and 1985?
5
Calculate the highest common divisor of 4872 and 6313503.
609
Calculate the greatest common factor of 20932924 and 6.
2
Calculate the highest common divisor of 5851 and 1213959629.
5851
What is the highest common divisor of 711 and 6706521?
9
What is the greatest common factor of 2535 and 287365065?
2535
Calculate the greatest common factor of 5053120 and 40.
40
Calculate the highest common divisor of 1207 and 27438.
17
What is the greatest common divisor of 226192867 and 19828?
4957
What is the highest common divisor of 1220739 and 2794038?
4407
Calculate the highest common divisor of 18630945 and 81.
27
Calculate the highest common divisor of 9832 and 8810701.
1229
What is the greatest common factor of 1116 and 415607886?
558
What is the greatest common factor of 3 and 2199195?
3
Calculate the highest common factor of 445 and 12813419.
89
Calculate the highest common factor of 335 and 321141921.
67
Calculate the greatest common factor of 48539681 and 18547.
1091
What is the greatest common divisor of 22207 and 2318327?
419
Calculate the greatest common divisor of 154288710 and 12132.
6066
What is the greatest common divisor of 136 and 1092011184?
136
What is the greatest common divisor of 2766897 and 666?
333
What is the highest common divisor of 584 and 1037352?
8
Calculate the highest common divisor of 253638 and 20251.
77
Calculate the highest common divisor of 191981853 and 651.
651
What is the highest common factor of 1580926 and 6190?
1238
What is the highest common divisor of 439413 and 112841?
19
Calculate the greatest common divisor of 23 and 2740657.
23
Calculate the highest common divisor of 31062393 and 29.
29
What is the greatest common factor of 10122 and 188286?
42
Calculate the greatest common divisor of 6943104 and 383432.
2296
Calculate the greatest common divisor of 18 and 41933862.
18
What is the highest common divisor of 8102107 and 26013?
377
Calculate the highest common divisor of 28 and 6699876.
4
What is the highest common factor of 196 and 1860268?
4
What is the highest common divisor of 7070 and 203010?
1010
What is the highest common factor of 30104645 and 125?
5
What is the greatest common factor of 309 and 563860728?
309
Calculate the highest common factor of 4025 and 1741675.
575
What is the highest common factor of 14393535 and 21185?
1115
What is the greatest common divisor of 364 and 2952196?
52
Calculate the greatest common factor of 647384685 and 2505.
2505
Calculate the highest common divisor of 1229161 and 12561.
79
What is the greatest common divisor of 842356884 and 3?
3
What is the greatest common divisor of 51636483 and 279?
279
Calculate the highest common divisor of 2272125 and 340715.
415
Calculate the highest common divisor of 144 and 2974554.
18
What is the highest common divisor of 98 and 1901434?
2
What is the highest common divisor of 121686 and 2506493?
1193
What is the highest common divisor of 38224844 and 73?
73
What is the greatest common factor of 1120 and 6340544?
224
What is the greatest common factor of 156 and 279240195?
39
What is the highest common factor of 3898388 and 481?
13
Calculate the greatest common factor of 112155358 and 1547.
119
What is the greatest common factor of 938 and 56?
14
What is the greatest common divisor of 10004920 and 270?
10
Calculate the greatest common factor of 31581340 and 420.
140
What is the greatest common factor of 186508428 and 1479?
51
Calculate the highest common divisor of 135872 and 19658980.
8492
What is the greatest common divisor of 675 and 161883900?
675
What is the greatest common factor of 7683 and 229?
1
What is the highest common factor of 97882830 and 648?
162
Calculate the greatest common divisor of 48431643 and 327.
327
What is the highest common factor of 21 and 48628622?
7
Calculate the greatest common factor of 1104005 and 1890.
35
What is the highest common factor of 296612472 and 338?
26
What is the highest common factor of 169 and 52520299?
169
What is the highest common factor of 3459083034 and 66?
66
What is the highest common divisor of 8889837 and 132?
33
Calculate the greatest common factor of 20895 and 405090.
105
Calculate the greatest common factor of 2400 and 927450.
150
Calculate the greatest common factor of 42296 and 10744.
136
What is the highest common divisor of 726 and 3613060?
242
Calculate the highest common factor of 849247 and 7.
7
What is the greatest common factor of 38736 and 2162736?
144
What is the highest common factor of 414 and 78490?
2
What is the highest common divisor of 111 and 205704978?
111
What is the highest common divisor of 525402 and 612?
306
What is the highest common divisor of 1252 and 766991476?
1252
What is the greatest common divisor of 6 and 578248386?
6
What is the highest common factor of 729098578 and 3406?
3406
Calculate the highest common factor of 12852 and 8636.
68
Calculate the greatest common divisor of 429875 and 9593.
181
Calculate the greatest common factor of 20 and 706016.
4
Calculate the greatest common divisor of 64 and 24218.
2
Calculate the highest common factor of 18449436 and 4380.
876
What is the highest common divisor of 57250104 and 2993?
2993
What is the highest common factor of 12852510 and 578985?
4785
What is the highest common factor of 20742211 and 301?
301
What is the greatest common divisor of 2515056 and 1208?
1208
What is the greatest common factor of 23151 and 173?
1
Calculate the greatest common divisor of 97665867 and 3978.
1989
What is the highest common divisor of 535785 and 19619?
23
Calculate the greatest common factor of 56 and 6124.
4
What is the greatest common factor of 8361439 and 19987?
79
What is the highest common factor of 3162 and 1186556?
62
What is the highest common factor of 177269695 and 412?
103
What is the greatest common divisor of 152700 and 23820?
60
Calculate the greatest common factor of 837880662 and 69.
69
What is the greatest common factor of 673664 and 12032?
128
What is the greatest common divisor of 83660 and 42535?
235
Calculate the greatest common divisor of 664020828 and 729.
243
What is the highest common factor of 22494738 and 378?
42
Calculate the highest common factor of 9722108 and 1122.
22
Calculate the greatest common factor of 102 and 9970942.
34
Calculate the greatest common factor of 25408164 and 108.
12
Calculate the greatest common divisor of 184243 and 14668.
19
Calculate the highest common factor of 217798433 and 177725.
7109
Calculate the highest common factor of 3563846 and 5148.
286
Calculate the greatest common divisor of 46 and 116980760.
46
What is the greatest common factor of 12 and 1256438904?
12
What is the highest common divisor of 308392329 and 336?
21
What is the greatest common factor of 46770 and 21570?
30
Calculate the greatest common factor of 33124 and 12373504.
676
Calculate the highest common divisor of 5865 and 9311665.
1955
Calculate the greatest common divisor of 17260352 and 197.
197
Calculate the highest common factor of 6027150 and 19550.
1150
Calculate the highest common factor of 134208 and 13229973.
2097
What is the highest common factor of 465 and 32932215?
15
Calculate the highest common divisor of 1054 and 31018166.
1054
Calculate the highest common factor of 2634 and 8031.
3
What is the highest common factor of 8272 and 680513?
47
What is the highest common divisor of 6048084 and 168?
84
Calculate the greatest common divisor of 337773776 and 32.
16
Calculate the highest common factor of 776872 and 41344.
152
Calculate the greatest common divisor of 57579 and 1632.
51
W